n(2).
-3
Let r(s) = -s**2 + 2*s + 220. What is r(12)?
100
Let p(y) = -23*y**3 + 5*y**2 - 5*y + 4. Calculate p(-2).
218
Let a(w) = 2*w**2 + 32*w - 152. Determine a(7).
170
Let q(o) = -o**3 - 25*o**2 + 83*o - 46. Determine q(-28).
-18
Let y(c) = 25*c + 237. Calculate y(-10).
-13
Let g(o) = o**3 - 66*o**2 + 68*o - 162. What is g(65)?
33
Let i(l) = l**2 + 30*l + 33. Give i(-6).
-111
Let o(a) = a**3 - 4*a**2 - 14*a + 47. Calculate o(6).
35
Let c(v) = 118*v + 10. Calculate c(-1).
-108
Let f(n) = -n**2 - 10*n + 89. Give f(-11).
78
Let m(x) = 112*x + 163. Determine m(1).
275
Let m(w) = 23*w**2 + 5*w - 75. Determine m(-2).
7
Let y(q) = q**3 - 9*q**2 - 3*q + 67. Give y(8).
-21
Let c(y) = 2*y**3 + 80*y**2 + 218*y - 152. What is c(-37)?
-4
Let u(i) = -1175*i - 1181. What is u(-1)?
-6
Let s(n) = -3*n**2 - 235*n - 232. Give s(-1).
0
Let i(v) = 17*v + 110. Calculate i(-6).
8
Let y(u) = -9*u**3 - 26*u**2 + 58*u + 181. Determine y(-3).
16
Let q(n) = -8*n**3 - n**2 + 3*n + 2. Determine q(2).
-60
Let r(k) = 20*k - 1687. Give r(83).
-27
Let f(b) = 43*b + 3135. What is f(-73)?
-4
Let k(z) = -27*z**2 + 495*z - 2229. Calculate k(8).
3
Let l(i) = -38*i + 79. What is l(0)?
79
Let n(d) = -d**3 + 276*d**2 + 840*d - 839. What is n(279)?
-2
Let n(z) = 5*z**2 + 1. Determine n(-4).
81
Let c(q) = -q**2 + 39*q + 692. What is c(-12)?
80
Let s(o) = o**3 + 93*o**2 - 151*o - 5366. What is s(-94)?
-8
Let n(i) = -3*i**3 + 29*i**2 + 13*i. Give n(10).
30
Let g(l) = 4*l**3 + 31*l**2 - 6*l + 27. Calculate g(-8).
11
Let u(a) = -2*a**3 - 17*a**2 + a - 24. Calculate u(-8).
-96
Let l(o) = -118*o - 96. What is l(1)?
-214
Let a(t) = -2*t**3 + 20*t**2 + t - 7. Give a(10).
3
Let d(i) = 7*i + 171. Calculate d(-43).
-130
Let r(q) = -q**3 + 4*q**2 + 54*q - 130. What is r(7)?
101
Let p(u) = -2*u**2 + 44*u + 304. What is p(24)?
208
Let w(l) = 2*l**2 - 28*l - 9. Determine w(9).
-99
Let s(f) = -35*f + 407. Determine s(14).
-83
Let s(p) = -2*p**3 + 64*p**2 - 443*p + 74. Give s(22).
8
Let h(f) = -3*f**3 - 10*f**2 - 35*f - 8. What is h(-4)?
164
Let q(c) = -2*c**3 + 29*c**2 - 12*c - 8. Calculate q(14).
20
Let y(k) = -595*k + 12506. What is y(21)?
11
Let m(i) = 21*i + 542. Give m(-24).
38
Let w(q) = 333*q + 5666. Determine w(-17).
5
Let s(h) = 2*h**2 + 72*h + 211. Calculate s(-33).
13
Let j(r) = 290*r + 41463. What is j(-143)?
-7
Let p(o) = 2*o**2 + 28*o - 109. Give p(-14).
-109
Let v(r) = -75*r**2 - 52*r - 1. Calculate v(-1).
-24
Let a(t) = -t**3 + 21*t**2 + 24*t + 1. Determine a(22).
45
Let h(s) = s**3 - 4*s**2 + 4*s + 30. Calculate h(-3).
-45
Let p(c) = 15*c - 56. Give p(-4).
-116
Let m(a) = a**3 - 13*a**2 - 13*a + 269. What is m(5)?
4
Let j(y) = y**3 - 18*y**2 + 8*y + 200. Calculate j(17).
47
Let t(d) = -d**3 + 22*d**2 - 43*d + 32. Give t(20).
-28
Let b(h) = 4*h**2 - 322*h - 4844. Give b(-13).
18
Let j(k) = -k**2 + 8*k + 20. Calculate j(17).
-133
Let g(n) = -105*n + 19955. Give g(190).
5
Let p(w) = w**3 - 7*w**2 + 233*w - 1366. Calculate p(6).
-4
Let x(v) = v**2 + 13*v + 129. Calculate x(-32).
737
Let j(b) = 91*b**3 - 3*b**2 - 3*b - 10. What is j(-2)?
-744
Let z(o) = o**3 + 19*o**2 - 25*o - 104. What is z(-20)?
-4
Let h(s) = -88*s**3 - s**2. Determine h(1).
-89
Let f(x) = -2*x**3 + 82*x**2 + 82*x + 134. Give f(42).
50
Let v(g) = 244*g + 1573. Give v(-6).
109
Let l(o) = -28*o**3 - 5*o**2 + o. What is l(-2)?
202
Let k(f) = f**2 + 96*f + 2062. Determine k(-61).
-73
Let s(k) = -4*k**2 + 3*k + 36. What is s(4)?
-16
Let h(o) = 2*o**3 - 61*o**2 - 35*o + 118. What is h(31)?
-6
Let p(r) = r**3 + 136*r**2 + 1137*r - 771. Give p(-127).
-9
Let c(r) = -28*r**2 - 855*r + 385. What is c(-31)?
-18
Let i(u) = -u**3 + 94*u**2 - 182*u - 184. Determine i(92).
0
Let d(h) = -217*h - 1985. Determine d(-10).
185
Let c(o) = -9*o**2 - 170*o - 147. Determine c(-18).
-3
Let k(z) = -115*z - 22423. Determine k(-195).
2
Let b(w) = w**3 + 5*w**2 - 46*w - 19. Give b(6).
101
Let x(l) = 2*l**2 + 25*l - 58. Determine x(-14).
-16
Let j(d) = -2*d**3 - 197*d**2 - 369*d - 7568. Determine j(-97).
-2
Let o(z) = 9*z**2 - 80*z + 3. Calculate o(9).
12
Let v(q) = 12*q - 207. Calculate v(10).
-87
Let z(y) = 2*y**2 - 359*y - 1846. What is z(-5)?
-1
Let q(p) = -4*p - 351. What is q(-34)?
-215
Let l(a) = -7*a**2 - 77*a - 11. What is l(-11)?
-11
Let v(h) = 6*h - 272. Give v(46).
4
Let p(w) = -7*w**2 - 34*w + 102. Calculate p(3).
-63
Let u(j) = 20*j + 180. Give u(-8).
20
Let s(b) = b**3 + 63*b**2 + 52*b - 629. What is s(-62)?
-9
Let g(l) = 11*l - 50. Calculate g(15).
115
Let t(o) = 21*o - 2374. What is t(117)?
83
Let s(q) = 9*q**2 - 20*q - 33. Give s(-4).
191
Let o(a) = -a**3 - 25*a**2 - 144*a + 158. Calculate o(-14).
18
Let c(d) = -d + 42. Determine c(35).
7
Let h(c) = 2*c**2 + 87*c + 20. Calculate h(-38).
-398
Let y(p) = 532*p - 23946. Calculate y(45).
-6
Let v(y) = 1842*y + 60784. Calculate v(-33).
-2
Let s(d) = -4*d**2 - 137*d - 26. What is s(-34)?
8
Let b(y) = 10*y - 340. Give b(0).
-340
Let q(c) = c**2 - 11*c - 22. What is q(9)?
-40
Let u(m) = -629*m**3 + 7*m**2 + m - 1. Calculate u(-1).
634
Let g(o) = o**3 - 27*o**2 + 22*o + 116. Determine g(26).
12
Let o(j) = 2*j**2 + 116*j + 279. Determine o(-51).
-435
Let t(i) = i**2 - 26*i - 77. Determine t(30).
43
Let u(i) = i**2 - 28*i + 189. What is u(17)?
2
Let l(w) = -414*w + 4559. Determine l(11).
5
Let u(y) = -y**3 - 3*y**2 - 6*y - 2. What is u(-4)?
38
Let j(h) = h**3 + 69*h**2 + 72*h + 334. Give j(-68).
62
Let q(y) = -97*y - 101. Give q(-1).
-4
Let h(x) = x**2 + 22*x - 43. What is h(-18)?
-115
Let k(f) = f**3 + 36*f**2 + 5*f + 229. Determine k(-36).
49
Let r(x) = 121*x + 2631. Calculate r(-23).
-152
Let f(d) = 38*d + 3459. Determine f(-90).
39
Let k(l) = l**2 + 5*l + 110. Determine k(-17).
314
Let w(h) = 5*h**3 - 554*h**2 - 100*h - 1245. Calculate w(111).
-24
Let j(k) = -23*k + 130. What is j(-12)?
406
Let n(l) = l**2 - 31*l - 81. Give n(34).
21
Let m(i) = -3*i**2 - 291*i - 1896. What is m(-90)?
-6
Let z(x) = -x**2 - 9*x - 47. Determine z(-11).
-69
Let a(r) = r**3 - 46*r**2 - 42*r - 486. Determine a(47).
-251
Let c(w) = -w**3 + 18*w**2 + 238*w - 106. What is c(27)?
-241
Let f(t) = -4*t**2 - 685*t + 1220. Determine f(-173).
9
Let a(u) = 7*u + 535. Give a(-62).
101
Let m(f) = 11*f - 425. Give m(-8).
-513
Let t(d) = 2*d**3 + 81*d**2 + 41*d - 31. Give t(-40).
-71
Let d(s) = s**2 - 83*s + 1728. Calculate d(40).
8
Let f(d) = 211*d + 8018. What is f(-38)?
0
Let r(w) = -w - 18. Calculate r(4).
-22
Let z(v) = v**3 - 87*v**2 - 554*v - 351. Calculate z(93).
21
Let r(t) = -t**3 - 9*t**2 + 3*t. Determine r(-7).
-119
Let f(c) = -c**2 - 44*c - 198. What is f(-38)?
30
Let m(u) = 2*u**2 + 74*u - 436. What is m(-43)?
80
Let h(b) = 2*b**2 + 254*b - 1623. Give h(6).
-27
Let v(m) = -3148*m + 75559. Calculate v(24).
7
Let m(k) = 2*k**2 + 68*k - 804. Determine m(-43).
-30
Let x(u) = -2*u**3 + 2*u**2 + 9*u - 17. Determine x(4).
-77
Let o(a) = -a**3 + 8*a**2 + 124*a + 13. What is o(-8)?
45
Let c(m) = 84*m - 4744. Give c(56).
-40
Let i(q) = 17*q**2 - 2*q + 53. What is i(3)?
200
Let c(q) = -19*q + 705. Give c(-17).
1028
Let j(c) = -11*c + 41. Calculate j(4).
-3
Let n(b) = 6272*b + 75253. Determine n(-12).
-11
Let x(r) = 38*r**2 - 269*r. Calculate x(7).
-21
Let w(u) = -10*u - 631. Determine w(-59).
-41
Let i(y) = 83*y + 288. What is i(4)?
620
Let c(w) = 11*w + 137. What is c(-9)?
38
Let f(i) = 3607*i + 14435. Calculate f(-4).
7
Let v(l) = -l**3 + 20*l**2 + 2*l + 7. Calculate v(0).
7
Let r(n) = n**3 + 5*n**2 + 3*n - 14. Calculate r(-5).
-29
Let o(r) = -517*r**2 - 8*r + 10. Calculate o(1).
-515
Let t(y) = -153*y + 4274. What is t(28)?
-10
Let v(y) = -230*y + 2757. Determine v(12).
-3
Let s(t) = 170*t + 202. Calculate s(3).
712
Let h(x) = -2*x**2 - 81*x + 516. Determine h(-46).
10
Let o(n) = 78*n - 18. Calculate o(-2).
-174
Let m(n) = 4*n**2 - 2038*n - 10296. Determine m(-5).
-6
Let u(i) = i**3 - 71*i**2 + 500*i + 246. What is u(63)?
-6
Let g(p) = p**3 + 115*p**2 + 1668*p + 194. Give g(-98).
-2
Let w(d) = -4*d**2 + 219*d - 428. Calculate w(2).
-6
Let w(f) = 6*f + 143. Give w(-29).
-31
Let t(m) = -53*m - 70. What is t(-2)?
36
Let s(m) = 3*m - 1008. Give s(6).
-990
Let r(t) = -3*t**2 + 21*t - 45. Determine r(7).
-45
Let j(g) = -57*g + 871. Give j(15).
16
Let v(b) = b**2 - 25*b - 981. What is v(46)?
-15
Let c(v) = -1351*v + 7429